and s.
3
Let p be 14 - (-5 - (-5 - 1)). Let i(j) = 4 - 2 + p*j + 0*j + 2*j. Let r be i(2). Calculate the highest common divisor of r and 112.
16
Let x be 4*9/36*10. Calculate the greatest common divisor of 830 and x.
10
Let x(u) = -47*u**2 + 638*u + 22. Let r be x(9). Calculate the greatest common divisor of r and 309.
103
Let v be 620/(-6)*(-144)/80 + -4. Let f = 185 - v. Let z(u) = u**2 - u. Let r be z(-3). Calculate the greatest common divisor of r and f.
3
Let d(f) = -f + 21. Let z(t) = t**3 - 21*t**2 - 25*t + 30. Let v be z(22). Let k be d(v). Calculate the greatest common divisor of k and 3.
3
Suppose 4*c - 95 = -3*s, -102*c + 112 = 4*s - 104*c. Calculate the highest common factor of 232 and s.
29
Suppose 43*t + 83*t = 7686. Calculate the highest common divisor of 915 and t.
61
Suppose 0 = -4*u + l + 18, 4 = 2*l - 4*l. Suppose x + 43 = u*f - 3*f, 0 = 2*x + 6. Calculate the greatest common factor of 80 and f.
40
Let o = -557 - -650. Let v = -25 + 56. Calculate the greatest common factor of v and o.
31
Suppose 408 = y + 4*i, i + 3*i = -5*y + 2040. Suppose -47*t = -13 - 34. Let b be (-53 - -2)/((-1)/t). Calculate the greatest common divisor of b and y.
51
Suppose 3*q = -0*q + 12. Let s(p) = p**3 - 26*p**2 - 29*p + 64. Let c be s(27). Suppose 5*b - q*b - c = 0. What is the highest common divisor of b and 20?
10
Let k(m) = -40*m + 6. Let g be k(0). Let x(h) = 29*h + 123. Let i be x(0). What is the highest common factor of g and i?
3
Suppose -5*a = -2*d - 6*a + 49, 0 = -4*d + a + 89. Suppose 1 + d = 3*j + 4*b, -3*j = 3*b - 24. What is the greatest common factor of 56 and j?
8
Suppose 11*f = 9*f + 8. Let g = f - -14. Suppose g*v - 13*v - 330 = 0. What is the highest common divisor of 11 and v?
11
Let t be -48 + 48 - (0 + -4). Let f be (-2178)/(-55) + t/10. Let b be 220/14 + 6/21. What is the greatest common divisor of f and b?
8
Suppose -3*m + m + 286 = 0. Suppose 705 + 531 = -6*x. Let j = 217 + x. What is the highest common factor of m and j?
11
Suppose -5*y = -3*k + 7*k - 2767, 0 = -5*y + 5*k + 2785. Calculate the highest common divisor of y and 1295.
185
Suppose -495 = -39*m + 2235. What is the greatest common divisor of 126 and m?
14
Let z be -5 - ((-611 - (1 + 0)) + -5). Calculate the greatest common factor of z and 2788.
68
Let l = -159 - -163. Suppose 6*n = -l*n + 200. What is the highest common factor of 620 and n?
20
Suppose y - 15 = -4*y. Suppose -y*w = 3 - 0. Let h be (8/(-8))/(w/13). Calculate the greatest common factor of 117 and h.
13
Let t(r) = r - 1. Let d be t(8). Suppose 11*g = d*g + 24. Let y be ((-26)/10)/((-2)/(g + 4)). What is the greatest common factor of y and 65?
13
Let u be 6*(-6)/(-72)*10. Suppose 2*x + 3*a - 242 = 0, -464 = -4*x - a - 0*a. What is the greatest common factor of u and x?
5
Suppose 2420*j = 2421*j - 17. Let s(c) = 13*c - 19. Let l be s(8). Calculate the highest common divisor of l and j.
17
Let m = 3682 - 3672. Suppose 89 = 2*r - 131. Calculate the greatest common divisor of m and r.
10
Let n be 8/(-3)*210627/(-116). What is the greatest common factor of 18 and n?
18
Let d = -252 + 258. Let y(r) = -r + 12. Let h be y(7). Suppose 0 = h*u + x - 18, 4*x - d = -5*u + 7*x. Calculate the greatest common divisor of u and 3.
3
Suppose 1522*f - 1515*f - 630 = 0. Calculate the greatest common factor of 915 and f.
15
Let n(m) = -m**3 - m**2 + 2*m. Let z be n(-3). Let v be (-20)/(42/z - 4). Let r be -10*2/(-4)*1. Calculate the greatest common factor of r and v.
5
Let j(n) = -n**2 - 18*n + 5. Let p be j(-13). Suppose 115 = 3*s - i, 0 = 2*s - 4*i + 120 - 180. Calculate the highest common divisor of p and s.
10
Let c(a) = -14*a - 94. Let v be c(-7). Let n = 5 + -1. Suppose 37 = -n*i + 101. What is the greatest common divisor of v and i?
4
Let u = -1463 - -884. Let a = u + 584. What is the greatest common divisor of 20 and a?
5
Let m be (-4184)/(-20)*1 - (-33)/(-165). What is the highest common factor of 437 and m?
19
Let k be 147 + 21/9*-3. Suppose -m = 2, 0 = 3*r + 3*m + 2 - k. What is the highest common factor of 816 and r?
48
Let v = -3445 - -5209. Let x = -1113 + v. What is the greatest common divisor of 21 and x?
21
Let w(b) = -b**3 + 28*b**2 - 24*b - 27. Let u be w(27). What is the highest common divisor of 2502 and u?
18
Suppose -2*z + 27610 = 3*u, -249*z + 253*z + u - 55260 = 0. Calculate the highest common factor of 41 and z.
41
Let r be 1 + -2 + 13/((-117)/(-4608)). Suppose n + r = 5*z, -13 = 4*n - 9. What is the greatest common divisor of z and 6?
6
Let a(k) = 9*k**2 - k - 77. Let x be a(7). What is the highest common divisor of 1904 and x?
119
Suppose 5*n + 0*i = 5*i - 30, -4*i - 1 = n. Let y be -4 + n/((-15)/24). Let x be (-2316)/(-18) - (y/(-3) + 2). What is the highest common factor of x and 16?
16
Suppose -3*h + 805 + 602 = 5*v, 2*v - 558 = -2*h. Calculate the highest common factor of 56715 and v.
285
Let y = 6092 - 5992. What is the greatest common factor of 950 and y?
50
Let o(c) = 407*c + 411. Let r be o(-1). What is the highest common divisor of r and 12120?
4
Suppose 655 = 17*v - 382. Calculate the highest common factor of v and 11.
1
Let v(g) be the first derivative of -2*g**2 - 37*g - 26. Let d be v(-10). Calculate the greatest common divisor of 129 and d.
3
Let y be (-253)/(6 + -7) - -4. Let w = 377 - y. What is the greatest common divisor of w and 300?
60
Let t = -344 + 351. Suppose t*r + 372 = 456. Suppose 5*u - 76 = 14. Calculate the highest common divisor of u and r.
6
Suppose 5*u = 25, 0 = -5*v - 14*u + 1199 - 434. Calculate the greatest common factor of v and 10981.
139
Let p be (-132)/10*(54/(-4) + (30 - 29)). What is the highest common divisor of 1185 and p?
15
Let v = 83 - 64. Let z(f) = 10 - v + 13 + 30*f - 4*f. Let s be z(2). Calculate the greatest common factor of s and 140.
28
Let j(d) be the second derivative of -d**5/20 + 5*d**4/12 - d**3/3 - 2*d**2 + 155*d. Let a be j(3). Calculate the highest common factor of a and 216.
8
Suppose -8 = 2*r + x + 1, 4*x = r + 18. Let p = 36 + r. Calculate the highest common divisor of p and 170.
10
Let p be -1 - 0 - 2 - (89 - 1787). What is the highest common factor of 210 and p?
15
Suppose 43*i - 230817 - 39653 = 0. What is the highest common divisor of i and 222?
74
Suppose -7*z + 231 - 1799 = 0. Let b be (z/20)/(3 + (-51)/15). What is the highest common factor of 112 and b?
28
Let l be (-14)/(-105) - -3*(-712)/(-180). What is the highest common factor of l and 366?
6
Suppose -9 = 12*j + 15. Let l(w) = 12*w**2 - 3*w - 6. Let m be l(j). What is the greatest common factor of m and 144?
48
Let d be 4/(-14) - (-3994)/14. Suppose -7*n + j + 109 = 0, 38*j - 22 = -2*n + 36*j. Calculate the highest common factor of n and d.
15
Let b be (-4 + 5005)*(-3)/(-9). Suppose -951 - b = -17*r. Calculate the greatest common factor of 28 and r.
14
Let v = 4593 - 3216. Calculate the highest common factor of v and 81.
81
Suppose -72 = -6*m + 3*m. Let q be (-3)/4 - -6*(-42)/(-144) - -31. What is the greatest common divisor of m and q?
8
Suppose -z + 2*p - 120 = 2*z, 0 = 4*z + 2*p + 160. Let k = -4 - z. What is the highest common divisor of k and 28?
4
Let l = -10 + 14. Suppose -580*n + 583*n = 9. Suppose -l*m + 68 = -m - 2*r, n*r = -3*m + 63. What is the highest common divisor of 242 and m?
22
Let p(y) = -4*y + 26. Let u be p(6). Suppose 0 = -u*r + 3*r - 5. Suppose -104 = -3*g - r*g. What is the greatest common factor of g and 26?
13
Suppose -14*l + 15*k = 12*k - 659, -5*k = 25. Calculate the greatest common factor of 4715 and l.
23
Let i be ((-8)/2 - 0 - -367) + 1. Let l be 5/15*-3 + i. Calculate the greatest common divisor of l and 33.
33
Let o(w) be the second derivative of -1/6*w**3 - 14*w + 1/12*w**4 + 0 - 1/2*w**2. Let q be o(4). Calculate the highest common divisor of 11 and q.
11
Let i = -19126 + 19167. Let j(h) = -81*h + 2. Let x be j(-2). Calculate the greatest common factor of x and i.
41
Suppose -u - 2734*d + 1256 = -2730*d, -d + 4904 = 4*u. Calculate the highest common divisor of u and 1156.
68
Suppose -10*k - 101*k = -24975. What is the greatest common divisor of k and 22050?
225
Let a(k) = k**2 - 3. Let n be a(3). Suppose 7*y + 20 = 2*g + 9*y, -2*g - 3*y = -14. What is the highest common factor of g and n?
2
Suppose 424 = -2*d - 4*t - t, 4*t = d +